er when (-1)/9*-259 + u/(-216) is divided by 20.
9
Let b = 60 - 16. Suppose -w + b = w - 3*v, 2*w - 52 = -v. What is the remainder when (-6)/14 - (493/(-7) + -1) is divided by w?
21
Let m(h) = 35*h - 399. What is the remainder when 130 is divided by m(13)?
18
What is the remainder when 332 is divided by ((-16)/(-36))/((-10)/(-2) - (-23861)/(-4815))?
2
What is the remainder when (3 + 42)*(0 + 3/5) is divided by (-55)/(-9) - (-2)/(-18)?
3
Suppose 540 = 2*i + h, 2*i + 5*h + 248 = 3*i. Suppose i = -4*u + 1264. Calculate the remainder when u is divided by 10.
9
Suppose 5*u - 1159 = -4*m + 5496, -5*u - m = -6640. Calculate the remainder when u is divided by 148.
143
Suppose -3 - 21 = -4*y. Let u(s) = s**2 + 2*s + 6. Let a be u(0). Let x(l) = -l**2 + 9*l + 9. What is the remainder when x(a) is divided by y?
3
Let w(t) = -16*t - 155. Suppose 0 = 5*z + 5*f - 2 + 47, -2*z - 3*f = 16. Calculate the remainder when 54 is divided by w(z).
12
Suppose 0 = 5*h + m - 835, -5*h + 241*m + 805 = 236*m. What is the remainder when h is divided by 76?
14
Let o = 2313 - 2298. What is the remainder when 145 is divided by o?
10
Let q(h) = 1794*h - 1755. Suppose -5*s + 40 = -s. Calculate the remainder when q(1) is divided by s.
9
Suppose 5*p + 2*n - 62 = 0, -41 + 74 = 3*p - 3*n. Calculate the remainder when 455 is divided by p.
11
Let u = -133 - -224. Calculate the remainder when 190 is divided by u.
8
Let q = 67 + -35. What is the remainder when q is divided by (-1 - (-20)/5)/((-9)/(-15))?
2
Suppose -2*r - 7 = -7. Suppose r = 2*g + z - 87, -9 + 0 = -3*z. Let v = g + -26. Calculate the remainder when 78 is divided by v.
14
Let j(a) = a**3 - 9*a**2 + 9*a + 6. Let r be (-3)/(-2)*32/24. What is the remainder when j(8) is divided by r - -4 - 4/(16/12)?
2
Let o(y) = -14*y + 96. Let q be o(0). Let c = 112 - q. What is the remainder when 91 is divided by c?
11
Let v(l) = -2*l**3 + 97*l**2 + 50*l + 77. Calculate the remainder when v(49) is divided by 22.
16
Let w be (20 - 27)/((-2 - -3)*1). What is the remainder when 204 is divided by -15 + 23 + (-2 - w)?
9
Suppose -2*k - 4*l + 14 = 0, -3*l = 7*k - 2*k - 21. Suppose 0 = 3*m + t - 54, k*m + 3*t = -t + 45. Calculate the remainder when 38 is divided by m.
0
Let t = 9847 - 9796. Let j(y) = -24*y - 10. What is the remainder when j(-7) is divided by t?
5
Let q = -117 + 131. Suppose -q*l - 210 = -21*l. Suppose -8*f + 380 = -76. Calculate the remainder when f is divided by l.
27
Let s(f) = -2*f**3 + 36*f**2 + 39*f + 32. Calculate the remainder when s(17) is divided by 18.
13
Let u = 14 - -12. Let i(x) = -992*x - 10800. Calculate the remainder when i(-11) is divided by u.
8
Suppose -71 = -5*r + 44. Let q be 33 + -1 + (33 - 30). What is the remainder when ((-45)/4)/(-1 - q/(-40)) is divided by r?
21
Let n = 35164 - 32305. What is the remainder when n is divided by 27?
24
What is the remainder when 3090 is divided by (295/59)/((-20)/(-1032)*3)?
80
Suppose 5*p + 19 = -n + 48, -2*n + 2*p - 2 = 0. What is the remainder when 350 is divided by 712/(-12)*(-6)/n?
83
Suppose 0 = -2*g - 4*i + 5638, -2*i + 90 = 102. What is the remainder when g is divided by 109?
106
Suppose -6*x + 29 = -133. Let i be x/36 + (-1333)/(-4). Suppose -i = -9*p - 55. What is the remainder when p is divided by 16?
15
Let n be -5*1*(-21 - -20). Suppose n*o - 72 = -3*y + 17, 5*o - 93 = -y. Calculate the remainder when 244 is divided by o.
16
Suppose -21*o + 25*o - 2296 = 0. Let y = o - 476. Calculate the remainder when y is divided by 51.
47
Let g = 384 - 366. Suppose 0 = -14*n + 74 - g. What is the remainder when 10 is divided by n?
2
Let n = 3988 + -3859. What is the remainder when 6707 is divided by n?
128
Let w = -153 + 148. Suppose 5*p + p - 480 = 0. What is the remainder when p is divided by 5 - (w + (-2 - (4 - -5)))?
17
Suppose -270 = -15*c - 15*c. What is the remainder when 807 is divided by c?
6
Let g(u) = -5*u - 2. What is the remainder when g(-5) is divided by (-193)/(-27) + (-582)/(-7857) - 4/18?
2
Suppose -1627*m + 462 = -1621*m. Let g(f) = -8*f - 5. Calculate the remainder when m is divided by g(-4).
23
Let k be 3/(-6) - (-2 + 3/(-2)). Suppose -10*w = -k*w - 35. What is the remainder when 48 is divided by w?
3
Let r(m) = -315*m + 11787. What is the remainder when 3695 is divided by r(37)?
131
What is the remainder when (1 + 1208)/(((-3)/11)/((-440)/484)) is divided by 9?
7
Let m = -76 + 166. Let u = -74 + m. What is the remainder when ((-23)/(-3))/((-4)/(-12)) is divided by u?
7
Suppose 256 - 50 = f. Suppose -r = -32 + 130. Let o = r + f. Calculate the remainder when o is divided by 28.
24
Suppose -j + 2*j - 19 = 0. Calculate the remainder when j is divided by 27/(324/(-96)) - -12.
3
Suppose 27*o = -3*j + 23*o + 696, 3*o = j - 219. Suppose 17*q - j = 61. What is the remainder when 43 is divided by q?
9
Let h = 47 - 51. Let w be 0*(h/6 + 1). Suppose 118 = 4*k - 2*k - 4*p, -3*p - 12 = w. Calculate the remainder when k is divided by 13.
12
Let l(h) = 21*h**2 + 3*h - 2. Calculate the remainder when l(2) is divided by 73.
15
Let h = 270 + -251. Suppose 0 = 5*a - 13*a + 112. What is the remainder when h is divided by a?
5
Let a = 87 + -51. Let w = -5191 - -5195. What is the remainder when a is divided by w?
0
Let x = 968 - 965. Let r(q) = 4*q**2 - 14*q + 16. Let u(o) = -12*o + 1. What is the remainder when u(-3) is divided by r(x)?
7
Let t(s) be the first derivative of 13*s**3 - 2*s**2 + 6*s - 20. Calculate the remainder when t(3) is divided by 29.
26
What is the remainder when (55 + -56)/(4/(-1684)) is divided by 38?
3
Calculate the remainder when 398 is divided by -6*6083/(-252) - (-2)/12.
108
Suppose 168 = 4*f - 0*f. Let d be 26/13*6/(-4). Calculate the remainder when (108/(-42))/(d/f) is divided by 10.
6
Let m = 23750 + -23629. Calculate the remainder when 221 is divided by m.
100
What is the remainder when -12 + 20108/165 + (-4)/(-30) is divided by 46?
18
Let x(m) = -3*m + 47. Let t(f) = -2*f + 2. Let s be t(-5). Let a = 78 + -15. What is the remainder when a is divided by x(s)?
8
Let s(x) = -345*x + 370. Calculate the remainder when 755 is divided by s(1).
5
Suppose 0 = 12*n - 8*n - 116. Let x = -29 + 8. Calculate the remainder when n is divided by (-1)/(-3 - 60/x).
1
Let a(s) = -s**2 + 18. Let v be a(4). Suppose -w - 113 = -5*o, -2*w = w + 9. Suppose v - o = -4*t. Calculate the remainder when 9 is divided by t.
4
Let f(y) = 1464*y - 20467. Suppose 4*k + x - 46 = 119, 2*k - 80 = 2*x. Calculate the remainder when k is divided by f(14).
12
Suppose 56 = -5*j + s, -2*j - 4*s - 21 = -3*s. What is the remainder when 27 is divided by (9 - -1)/((-2)/(j - -9))?
7
Let p be 4788/5 - ((-252)/30 + 9). Calculate the remainder when (-13)/((-143)/p) + -4 + 1 is divided by 44.
40
Suppose 0 = 6*j + j - 210. Suppose 21 = 3*z + 2*h, -5*z + h = -0 - 22. What is the remainder when j is divided by z?
0
Let c(b) = 2*b**2 - 3*b**3 - 494*b**3 - 49*b**3 - 3*b**2 + 2*b + 2. Let r be c(-1). Suppose 0*h + 5*h - r = 0. Calculate the remainder when h is divided by 22.
21
Suppose 0 = -3*p - 3*y + 417, -326 = -2*p + 68*y - 64*y. What is the remainder when 263 is divided by p?
116
Let f(m) = -m**3 - m**2 - 3*m + 2. Calculate the remainder when 405 is divided by f(-2).
9
Let z = -237 - -219. Let f(n) = n**3 + 16*n**2 - 35*n + 39. Calculate the remainder when 123 is divided by f(z).
18
Let m be (2/12 - (-158)/(-12)) + 3. What is the remainder when 4/(-10) - 2044/m is divided by 42?
36
Let n = -68 + 281. Let x be ((-4932)/(-99)*11/2)/1. Suppose -b = 3*f - n, 4*f - 3*b = -b + x. Calculate the remainder when f is divided by 19.
13
Suppose -10*q - 275 = -0*q - 21*q. Suppose -2*o + 5*f - 2 - 5 = 0, 0 = 3*o - 5*f + 3. Calculate the remainder when q is divided by o.
1
Let o = 4136 + -4083. Suppose -3*j + 624 = -0*j. Calculate the remainder when j is divided by o.
49
Let i = -3121 + 3375. What is the remainder when i is divided by 37?
32
Let l be 14/(-49) + 4/((-28)/(-9)). Suppose -5*z + 19 + 41 = 0. What is the remainder when z is divided by (4/12)/(l/24)?
4
Let p be ((-8)/3 + (-9)/27)*-1. Suppose 3*w + p*u = -0*w + 63, 2*u + 54 = 2*w. Calculate the remainder when 77 is divided by w.
5
What is the remainder when 68 is divided by 6*(-17)/510*-25?
3
Let c = -104 + 265. Let n = c + -107. What is the r